23 + 4*y + 9. Calculate g(q).
6
Let a(i) = -2*i + 5. Suppose -10 + 38 = 4*q. Suppose v + q = -2. Let j be -1*(-3)/v*(1 + 11). Calculate a(j).
13
Let m(p) = -3 + 6 + 0 + 4*p**2 + 5*p - 5*p**2. Suppose -3*b - 60 = 4*t, -2*b - 40 = -4*t - t. Let l = 25 + b. Give m(l).
3
Let q(r) = -r**3 + 4*r**2 - 67*r + 478. Let j be q(6). Let h(o) = -o + 4. Calculate h(j).
0
Let k(v) = -v**3 + 9*v**2 + 7*v + 12. Suppose 243 = -154*s + 1783. What is k(s)?
-18
Let u(h) = -15*h**2 + 34*h + 419. Let p(v) = 4*v**2 - 9*v - 105. Let o(g) = 22*p(g) + 6*u(g). Let c(a) be the first derivative of o(a). Determine c(2).
-2
Let z(d) = 8*d + 10. Let y(c) = 5*c + 4. Let g(h) = -5*y(h) + 3*z(h). Give g(-7).
17
Let o(t) = -4*t**3 + t**2. Let d(c) = 183 + 58*c**2 + 12*c**2 - 69*c**2 + 31*c. Let f be d(-23). Give o(f).
5
Let g(n) be the second derivative of n**4/24 - n**3/2 - 15*n**2/2 - n + 28. Let d(j) be the first derivative of g(j). What is d(4)?
1
Let n = -5 + 15. Let m be 50/(-75) - (-1 + n/3). Let z be 14/(-21)*m/(-2). Let r(b) = 9*b**3 - b**2 + b + 1. What is r(z)?
-10
Let d(i) = 12*i**2 - 2*i - 4. Let v = 14003 - 14000. Determine d(v).
98
Let t(o) = -269*o**3 + 12*o**2 + 13*o**2 - 34 + 95*o**3 + 23*o + 89*o**3 + 86*o**3. Give t(-24).
-10
Let s be 9/12 - (-69)/4. Let m = -16 + s. Let r(q) = 2*q**2 + 5*q + 41*q**3 - 40*q**3 + q**2 + 2*q**m + 5. Calculate r(-4).
1
Suppose -2*j + 19 = -5*w, 0*j + 5*w + 5 = -5*j. Suppose -4*l + 4*p = -48, -j*l + 17 = -p - 3. Let q(h) = -3*h + 8. Calculate q(l).
-16
Let f(b) be the third derivative of -b**5/30 - b**3/6 - 1105*b**2. Give f(-2).
-9
Let f(w) = 2*w - 34. Let y(d) = -17. Let g = 344 + -339. Let u(s) = g*y(s) - 2*f(s). Calculate u(-6).
7
Let m(g) be the second derivative of -3 - 2/3*g**3 - 1/12*g**4 + 3/2*g**2 + 5*g. Calculate m(-4).
3
Suppose 2*b + 169 = 165. Let l be b + 6 + -5 + (-18)/(-6). Let u(g) be the second derivative of g**3/2 + g**2/2 - g. What is u(l)?
7
Let g(y) = -3*y**2 + 350*y + 7*y**2 - 1 + y**3 - 354*y. Suppose -m + 24 = -0. Suppose 0 = 5*l + 2*j + 16, j - 3*j = -5*l - m. Give g(l).
15
Let s(j) be the first derivative of 9/2*j**2 + j + 7. Determine s(1).
10
Let p = 16400 + -16376. Let b(w) = -w**3 + 24*w**2 - 2*w + 55. Calculate b(p).
7
Let n(c) = 5 + 1190477*c**3 + 2*c**2 - 14*c - 1190476*c**3 - 2*c. What is n(3)?
2
Suppose -b - 3*y + 6*y - 6 = 0, -5*y = b - 2. Let f be (-1*2)/(b/(4 + -10)). Let m(v) = v**3 + 3*v**2 - 2*v + 4. Give m(f).
-4
Let u(l) = -108*l**2 + l + 2462 + 2460 - 4895 - 4*l**3. Determine u(-27).
0
Suppose -3 = -13*a + 49. Suppose -2*z = 14 - a. Let m(n) = 2*n**2 - 3*n**2 - 7 - 6*n + 0*n**2. Give m(z).
-2
Suppose 6*k + 1 = 25. Let a(d) = -2 - 5 + 4 + 5 + k*d. Calculate a(-6).
-22
Let x be ((-82)/(-164))/(4/(-56)). Let t(c) = -2*c**3 - 11*c**2 + 23*c + 17. Calculate t(x).
3
Let h(t) = -3*t + t**2 - 8*t + 25*t - 18*t - 30 - 10*t. Give h(16).
2
Suppose 2*t - 4*w - 96 = 158, 0 = 4*w + 12. Suppose -t = -a - 128. Let d(n) = -2*n - 7. What is d(a)?
7
Let l(a) = a**3 - 10*a**2 + 12*a - 26. Let r be l(9). Let u(j) = 2*j - 5. Calculate u(r).
-3
Let c(p) = p**2 - 637 + 8*p + 317 + 315 + 3*p - 3*p. Let g be (4*-1)/((8/8)/1). Calculate c(g).
-21
Let r(g) = g - 11. Let q(d) be the first derivative of -d**3/3 - 8*d**2 + 5*d - 49. Let a be q(-16). What is r(a)?
-6
Let t(s) be the third derivative of -5*s**4/24 + 8*s**3 - 10402*s**2. What is t(16)?
-32
Let q(x) = -10 + 1376*x + 1369*x - 2747*x - 9. What is q(-8)?
-3
Let a be 49 + (1 + -5)*(-11)/(-11). Suppose 4*z = a + 23. Let t(s) = -29*s + 23*s + z*s + 2. Calculate t(-2).
-20
Let l(y) = -10*y**3 + 9*y**2 - 75*y + 3. Let u(w) = 19*w**3 - 16*w**2 + 131*w - 5. Let r(f) = -7*l(f) - 4*u(f). Let h = -2 + 3. What is r(h)?
-5
Suppose -558 = 53*k + 290. Let d(z) = z**2 + 18*z - 23. Calculate d(k).
-55
Let v(l) = -3*l. Let a = 135 + -214. Let g = -81 - a. Give v(g).
6
Suppose -p + 5*g = -2*p + 7, 3*g = -4*p - 6. Let l(s) = s**3 + 2*s**2 - s. Give l(p).
-6
Let x be (2 - 4)/(-4 + 3). Let o(i) = -i + 7107*i**2 - 3549*i**2 - 3555*i**2. Give o(x).
10
Let r = 28 - 17. Let v(z) = -z**3 + 15*z - 7*z + 17*z + 8 + 10*z**2 - 15*z. Calculate v(r).
-3
Let b(o) be the second derivative of 3*o + 0 - 1/24*o**4 - 5/6*o**3 + 3/2*o**2. Let c(m) be the first derivative of b(m). What is c(4)?
-9
Let h be 8/(-28) + (-16)/(-7). Let r(v) = -8*v + 4*v + 2*v**h - v**2. Let m(d) = 296*d + 6518. Let p be m(-22). Calculate r(p).
12
Let c(h) = 2*h + 1. Let v be c(7). Suppose -v*t - 5 = -16*t. Let r(n) = 396 - 398 + n + n**2 - t*n. Give r(5).
3
Suppose -201 = 2*z - 203. Let y(k) be the second derivative of -k**3/6 - 9*k. Give y(z).
-1
Let u(i) = -i**3 + 6*i**2 + 2*i - 8. Let f be u(6). Let r(v) = -2*v**2 + v**3 + 0*v**3 - 7*v + 11*v - f. Let b be (-4)/2*(1 + 5/(-2)). What is r(b)?
17
Let h(i) = 11*i**3 - 34 + 2*i - 10*i**3 + 14 + 21 - 3*i**2. Calculate h(2).
1
Let u(g) be the first derivative of 3*g**3 + 9*g**2/2 - 9*g + 85. Let s(b) = -5*b**2 - 4*b + 5. Let m(y) = 11*s(y) + 6*u(y). Calculate m(7).
22
Suppose -62*w + 44*w + 18 = 0. Let r(v) = 16*v**2 - 3*v + 2. Give r(w).
15
Let z(y) = -12*y - 86. Suppose -2*p = 2*v + 26, 937*p - 939*p + 22 = -4*v. Calculate z(v).
10
Let z(r) = -2*r**3 + r**2 + r. Let b(g) = 3*g**3 + 4*g**2 - 4*g + 2. Let n(m) = b(m) + 2*z(m). Suppose -5*k + 36 = k. Calculate n(k).
-10
Let q(k) = -2*k + 8. Let n = 224 + -192. Suppose n = j + 5*u, j + j = 4*u - 6. Determine q(j).
-6
Let k(t) = -129*t + 105. Let i(g) = 31*g - 26. Let l(y) = 25*i(y) + 6*k(y). Determine l(0).
-20
Let a be 15 + (-14 - (-20)/4). Suppose a*w = -51*w - 1140. Let m(v) = -v**3 - 19*v**2 + 22*v + 30. Calculate m(w).
-10
Let d(w) be the first derivative of w**7/210 - 5*w**3/3 - 5. Let f(a) be the third derivative of d(a). Let g be (-4)/(-16)*(0 - 4). Determine f(g).
-4
Let v(a) be the third derivative of -a**5/15 + 7*a**4/24 - 314*a**2. What is v(2)?
-2
Let y(d) = -d**3 - 3*d**2 - 19*d + 22. Suppose -4*f + g - 250 + 263 = 0, 0 = -2*f - 3*g - 25. Determine y(f).
-1
Let s(q) = 7*q + 21 + 54 - 48 + 7. Give s(-5).
-1
Let b be 162/18*(-4)/(-6) - 4. Let y(t) = -1 + 3228*t - t**2 - b - 3234*t. Determine y(-6).
-3
Let p = 5492 + -5492. Let x(k) be the second derivative of p - 1/20*k**5 - 1/4*k**4 - 10*k + 2/3*k**3 - 2*k**2. What is x(-4)?
-4
Let q(h) = -h - 10. Suppose -49*a = -47*a + 2. Let b be a/2 - 1608/(-48). Let x = b - 43. Calculate q(x).
0
Let z(n) = -n**2 - 7*n - 21. Suppose -2*a = -4, 5*a + 69 - 29 = -5*f. Give z(f).
-51
Let h(f) = 4*f + 15. Let u be (-88)/1276 + (-688)/116. What is h(u)?
-9
Let k(u) = 9*u - 149. Suppose 5*z - 3*l = -2*l + 82, -3*l - 42 = -3*z. Give k(z).
4
Let s be 68/238 + 52/14. Let o(k) = 265*k**2 + s*k - 266*k**2 + 3 + 2*k. Suppose 4*f = -3*x + x + 30, -4*f = 5*x - 33. Give o(f).
-4
Let x(g) = -g**3 + 6*g**2 - 11*g + 13. Let v be x(3). Let z(f) = -f**3 + 15*f**2 + v - 29*f**2 + 20*f**2 + 0*f + 0*f. What is z(6)?
7
Let d(r) = 7*r - 3. Let i be ((-2)/(-4))/(10/(-8)*(-16)/(-160)). Give d(i).
-31
Let s(l) = 3*l**2 - 2*l - 1. Let c(o) = 6*o**2 + 6*o + 9. Let d be c(-3). Let h = d + -42. Suppose -3 = 3*r - h*f, 2*r - f = 1 - 0. Calculate s(r).
7
Let h(i) = -2*i**2 + 3*i - 25. Let m(v) = -v**2 + v - 9. Let y(b) = 3*h(b) - 8*m(b). Suppose -2*k + 5*z - 5 - 21 = 0, -3*z + 27 = -5*k. Determine y(k).
12
Let d be (-15)/18 - (660/72 - 19). Let w(n) = -2*n**2 + 33*n - 144. What is w(d)?
-9
Let i(k) = -16*k**3 + 6*k**2 + 25*k - 17. Let a(s) = 5*s**3 - 2*s**2 - s + 1. Let r(q) = -3*a(q) - i(q). Calculate r(-6).
-70
Let d(t) = -t**2 + 9*t + 10. Suppose 0 = 20*y - 13*y - 21. Let s be (0 + 2 - -94)*y/9. Suppose n + 5 = w + 2*n, 0 = 4*w + n - s. Determine d(w).
10
Suppose 43*b - 48*b - 4*t - 44 = 0, 0 = -4*b + 2*t - 4. Let j(i) = i**2 + 13*i + 3. Determine j(b).
-33
Let h(q) = -q + 4. Let s = -324 + 185. Let i = -99 - s. Let a = i + -46. What is h(a)?
10
Let x(w) be the third derivative of w**5/60 - w**4/4 + 2*w**3/3 + 12452*w**2. Determine x(5).
-1
Let f(p) = 11*p**3 + p**2 - 2*p - 4. Suppose 17*h = -25*h - 21*h - 63. Determine f(h).
-12
Let w(g) = g**2 - 6*g + 5. Suppose -4*z - 2*o = -6, 2*o - 27 + 18 = -5*z. Calculate w(z).
-4
Let u(w) = 14*w - 1. Suppose -3*z - 1034 = -5*c, 13*z = 5*c + 8*z - 1040. Let i = c - 204. Determine u(i).
13
Let u be 0 - ((-308)/6 - (-4)/(-6)). Suppose -4*d = -2*y + 14 - u, 3*y